the highest common divisor of v and 25?
25
Let c be 73/(-2)*(-4)/2. Suppose 3*r - 5*x = 682, -2*r - 2*x = -3*x - 443. Calculate the greatest common factor of c and r.
73
Let p(v) = 4*v + 62. Let t be p(-19). Let d be 122/7 - (-6)/t. What is the greatest common factor of d and 85?
17
Suppose -12*y + 4*u + 861 = -9*y, -1470 = -5*y - 5*u. Calculate the greatest common divisor of 3007 and y.
97
Let z be 14*(-9)/(-63)*28. Calculate the greatest common divisor of 5516 and z.
28
Suppose -4*q + 286 = -97*w + 102*w, 0 = 4*w + 8. What is the greatest common factor of q and 518?
74
Let m(b) = 14*b**2 + 52*b - 502. Let r be m(5). Calculate the highest common divisor of 441 and r.
9
Let x(u) = -u**3 + 5*u**2 - 2*u - 6. Let m be x(4). Suppose -3*g - 1092 = -8*g - 3*s, m*s = -5*g + 1088. What is the greatest common factor of g and 48?
24
Suppose 5*y = -34*k + 30*k + 323, 3*y = -3*k + 240. What is the greatest common divisor of 28 and k?
7
Suppose -245 = 9*d - 263. Suppose -3*n = -0*n. Suppose n = 5*a - 60 - 20. What is the highest common divisor of d and a?
2
Let d(b) = 82*b - 25. Let v(j) = -j**3 + 30*j**2 - 31*j + 63. Let s be v(29). Let f be d(s). What is the highest common divisor of f and 70?
35
Suppose -3*a = -7*a + 4*w + 56, w + 32 = 2*a. Let g = a + -1. Suppose d = -5*v + 207, 26*d - 175 = 25*d + 3*v. Calculate the highest common divisor of g and d.
17
Let l = -3710 + 5725. Calculate the greatest common divisor of 65 and l.
65
Let a(q) = 2*q - 46. Let c be a(77). What is the highest common divisor of c and 264?
12
Let t be 7 - (32/144 + 25/9). Suppose -14*l = t*l - 54. What is the greatest common divisor of l and 51?
3
Let f = 42731 + -42627. Let b(x) = -x**3 + x**2 + 3*x + 2. Let z be b(-2). Calculate the greatest common divisor of f and z.
8
Let o = 4410 + -2833. What is the greatest common factor of o and 76?
19
Let w(v) = -v**2 - 6*v - 6. Let i be w(-4). Let k(r) = -3*r**2 - 3*r + 8. Let t be k(i). Let b = 75 - t. Calculate the highest common factor of 17 and b.
17
Let v(y) = 519*y - 3048. Let k be v(6). Calculate the greatest common factor of k and 18.
6
Suppose -68*h + 60 = -78*h. Suppose 0 = a + 2*a + 9. Let j = a - h. Calculate the greatest common divisor of j and 12.
3
Suppose 0 = -4*x + 4*f + 296, 32*f - 36*f = 5*x - 424. What is the greatest common factor of 280 and x?
40
Suppose -o + d = 0, 5*d - 7*d = 2*o - 20. Let v be (25/3)/(o*(-1)/(-15)). What is the greatest common divisor of 275 and v?
25
Suppose 0 = -2*m - 4, 2*p = 38*m - 37*m + 8372. Suppose -48*y = -53*y + p. What is the greatest common divisor of y and 31?
31
Suppose -s - 3*l = 0, 3 + 7 = -2*s + 4*l. Let y(w) = w**2 - 5*w - 3. Let u be y(s). What is the greatest common divisor of 462 and u?
21
Let b(i) = 1282*i**2 - 78*i - 161. Let x be b(-2). What is the greatest common divisor of 47 and x?
47
Let y be 4576/(-40) + 6/(-10) + 0. Let c = -87 - y. Calculate the highest common divisor of c and 14.
14
Let z(i) = -i - 1. Let k be z(-11). Let f be k/(-10)*(-25)/1. Calculate the greatest common divisor of 15 and f.
5
Let o(u) = 4*u + 3. Let t be o(8). Let p = 1609 - 1539. What is the highest common divisor of p and t?
35
Suppose 88*i = 15*i + 13797. Calculate the greatest common factor of i and 45171.
189
Let r = 21 + -12. Let g(s) = -5 - 6 + 2 + 0*s - r*s. Let l be g(-6). What is the greatest common factor of 15 and l?
15
Let h be 22 - 14 - (-76)/(-4) - -161. What is the greatest common divisor of h and 22350?
150
Let f = 10710 - 10670. Calculate the greatest common divisor of f and 8.
8
Let z = -2893 + 2984. What is the greatest common divisor of 1001 and z?
91
Let h(d) = -21*d - 12. Let y be h(-4). Suppose 0*n - y = -4*n. Let x be ((-85)/n - (-12)/54)*-6. Calculate the highest common divisor of x and 3.
3
Suppose -4*o = -5*x + 3*x - 80, 4*x = 5*o - 148. Let y = -41 - x. Let s be (68/(-6))/(y/(108/8)). What is the greatest common factor of 68 and s?
17
Let o = 11234 - 11124. Calculate the highest common factor of o and 3130.
10
Suppose l - 3*r - 15 = 0, -2*l + 4*l = -r + 51. Suppose -25*t = -l*t - 19. Let w = -118 + 270. What is the highest common factor of w and t?
19
Suppose 0 = 5*t + 2*g - 32345, 3*g + 16050 + 16270 = 5*t. What is the greatest common divisor of t and 29?
29
Let y be (-831)/(-12) + 3/4. Let u(w) = 2*w**3 + 129*w**2 + 948*w - 28. Let r be u(-56). Calculate the greatest common divisor of y and r.
14
Suppose -w + 2*i + 281 = 0, 3*i = -4*w + 1601 - 422. Let x = 351 - w. What is the greatest common factor of 30 and x?
30
Suppose 309 = 315*t - 112461. Calculate the highest common divisor of 6 and t.
2
Suppose -3*x = d - 13082, -4039 = -x - 4*d + 318. What is the greatest common factor of 98 and x?
49
Suppose -5*r + 29*r - 672 = 0. Calculate the greatest common factor of r and 462.
14
Suppose -84 = -4*h + 60. Suppose 0 = 121*i - 131*i + 290. Suppose -4*q - 5*o - 3 = -i, -4*q + 28 = 4*o. What is the highest common factor of h and q?
9
Let k be (-103)/(-3) + 2/3. Let i be 0 + -7 + 1044/87. Calculate the greatest common divisor of k and i.
5
Let p(u) = u**3 - 7*u**2 - u + 17. Let o be p(7). Let d be 4/o - 165/(-25). Suppose -t - 18 = -d*t. What is the greatest common divisor of 1 and t?
1
Suppose -4*t - z + 301 + 96 = 0, 3*z = -3*t + 300. What is the highest common factor of t and 423?
9
Let u be -1*4 - (39/13 - 10). What is the highest common factor of 879 and u?
3
Suppose 0 = 1163*i - 883 - 280. Suppose 0*s + s = 9. Calculate the greatest common factor of i and s.
1
Suppose -2*o + 308 = 112*m - 111*m, 3*m - 934 = -o. What is the greatest common divisor of m and 1014?
78
Let p = 13349 + -4544. What is the highest common divisor of 15 and p?
15
Let t(q) = 4*q**3 + 101*q**2 - 190*q + 29. Let y be t(-27). Let c = -26 + -12. Let l = c + 66. What is the greatest common factor of l and y?
28
Suppose -3*m + 164 = 161, 2*n - 2*m = 368. What is the highest common divisor of 2442 and n?
37
Suppose -5*n - 7 = 4*a, 4*n = -3*a - 2 - 3. Let p(l) = 3*l + 34. Let o be p(-18). Let h be n - (3 + -6) - o. What is the greatest common divisor of h and 264?
24
Suppose -18 = -y + 22. Let n = -40 + y. Suppose -f - 5*t = -141, n = -0*f + 2*f + 3*t - 254. Calculate the highest common divisor of f and 11.
11
Suppose -12*s = -10*s + 328. Let l = 250 + s. Let r = l - -22. Calculate the highest common factor of 12 and r.
12
Let b = 21 + -6. Suppose 4*a + 19 - 107 = 0. Suppose 0 = -2*x + 218 + a. What is the highest common factor of b and x?
15
Suppose 19*w = -15*w - 204. Let q be 60*(2340/168 - w/(-14)). Calculate the highest common factor of q and 30.
30
Let h(f) = -6*f + 23. Let s(b) = 6*b - 20. Let z(g) = -2*h(g) - 3*s(g). Let w be z(-5). What is the greatest common divisor of w and 12?
4
Suppose -9*a = 2*a - a. Suppose a = 3*f - 0*t - 2*t - 212, 4*f - 278 = 5*t. What is the highest common factor of f and 24?
24
Let f = 40 + -39. Suppose z = -3, 5*z - 7 = -3*g + 8. What is the greatest common divisor of f and g?
1
Suppose 16 = 4*w + 4*q - 4, 0 = w - 5*q - 5. Suppose 0 = -5*x + 4*i + 87 + 101, -3*i - 186 = -w*x. Calculate the greatest common factor of 96 and x.
12
Let r be ((-22)/11)/(4/(-18)) + -3. Let v be 1*r/(-18)*18/(-3). What is the greatest common divisor of 15 and v?
1
Suppose -1653 = -5*k + 2337. Suppose 2*i - 156 = 2*u + 166, 2*u = -5*i + k. Calculate the highest common divisor of 5 and i.
5
Suppose -s = -36*s + 980. Let y(v) = v - 5. Let p be y(8). Suppose -3*i = p, -4*x = x - 3*i - 108. What is the highest common factor of x and s?
7
Suppose 0 = 62*t - 167*t + 86*t + 42693. Calculate the highest common factor of t and 105.
21
Suppose -d + 1667 = 1603. Let o = -3 - -7. Calculate the highest common factor of d and o.
4
Suppose -9249 = -10*b + 5*b + 3*r, -4*b + 7404 = -4*r. What is the greatest common divisor of 132 and b?
132
Let a(x) = -61*x + 164. Let g be a(7). Let b = g + 266. What is the highest common divisor of 5 and b?
1
Let g = -16935 + 17010. Suppose 4*t = -2*l + 43 + 37, -l = 3*t - 45. What is the greatest common divisor of l and g?
15
Suppose -9 = -5*q + 4*i, 0 = 2*q + 3*i - 4 - 18. Suppose 2304 - 279 = 15*b. Calculate the highest common factor of q and b.
5
Let z = -2599 - -2601. Calculate the highest common factor of 125 and z.
1
Let a(u) = 6*u**2 + 103*u - 428. Let s be 